{"id":224,"date":"2017-09-01T12:21:10","date_gmt":"2017-09-01T12:21:10","guid":{"rendered":"http:\/\/calefaccion.avicavica.com\/?page_id=224"},"modified":"2024-07-28T09:37:28","modified_gmt":"2024-07-28T07:37:28","slug":"climatizacion","status":"publish","type":"page","link":"https:\/\/calefaccionmeilan.es\/index.php\/climatizacion\/","title":{"rendered":"CLIMATIZACI\u00d3N"},"content":{"rendered":"<div id=\"pl-224\"  class=\"panel-layout\" ><div id=\"pg-224-0\"  class=\"panel-grid panel-no-style\" ><div id=\"pgc-224-0-0\"  class=\"panel-grid-cell\" ><div id=\"panel-224-0-0-0\" class=\"so-panel widget widget_sow-hero panel-first-child panel-last-child\" data-index=\"0\" ><div\n\t\t\t\n\t\t\tclass=\"so-widget-sow-hero so-widget-sow-hero-default-5d3673465363-224 so-widget-fittext-wrapper\"\n\t\t\t data-fit-text-compressor=\"0.85\"\n\t\t>\t\t\t\t<div class=\"sow-slider-base\" style=\"display: none\" tabindex=\"0\">\n\t\t\t\t\t<ul\n\t\t\t\t\tclass=\"sow-slider-images\"\n\t\t\t\t\tdata-settings=\"{&quot;pagination&quot;:true,&quot;speed&quot;:800,&quot;timeout&quot;:8000,&quot;paused&quot;:false,&quot;pause_on_hover&quot;:false,&quot;swipe&quot;:true,&quot;nav_always_show_desktop&quot;:&quot;&quot;,&quot;nav_always_show_mobile&quot;:&quot;&quot;,&quot;breakpoint&quot;:&quot;780px&quot;,&quot;unmute&quot;:false,&quot;anchor&quot;:null}\"\n\t\t\t\t\tstyle=\"min-height: 20px\"\t\t\t\t\tdata-anchor-id=\"\"\n\t\t\t\t>\t\t<li class=\"sow-slider-image  sow-slider-image-cover\" style=\"visibility: visible;;background-color: #333333;background-image: url(https:\/\/calefaccionmeilan.es\/wp-content\/uploads\/2017\/04\/COLDAIR-1.jpg)\" >\n\t\t\t\t\t<div class=\"sow-slider-image-container\">\n\t\t\t<div class=\"sow-slider-image-wrapper\">\n\t\t\t\t\t\t\t<\/div>\n\t\t<\/div>\n\t\t\t\t<\/li>\n\t\t<\/ul>\t\t\t\t<ol class=\"sow-slider-pagination\">\n\t\t\t\t\t\t\t\t\t\t\t<li><a href=\"#\" data-goto=\"0\" aria-label=\"mostrar diapositiva 1\"><\/a><\/li>\n\t\t\t\t\t\t\t\t\t<\/ol>\n\n\t\t\t\t<div class=\"sow-slide-nav sow-slide-nav-next\">\n\t\t\t\t\t<a href=\"#\" data-goto=\"next\" aria-label=\"diapositiva siguiente\" data-action=\"next\">\n\t\t\t\t\t\t<em class=\"sow-sld-icon-thin-right\"><\/em>\n\t\t\t\t\t<\/a>\n\t\t\t\t<\/div>\n\n\t\t\t\t<div class=\"sow-slide-nav sow-slide-nav-prev\">\n\t\t\t\t\t<a href=\"#\" data-goto=\"previous\" aria-label=\"diapositiva anterior\" data-action=\"prev\">\n\t\t\t\t\t\t<em class=\"sow-sld-icon-thin-left\"><\/em>\n\t\t\t\t\t<\/a>\n\t\t\t\t<\/div>\n\t\t\t\t<\/div><\/div><\/div><\/div><\/div><div id=\"pg-224-1\"  class=\"panel-grid panel-no-style\" ><div id=\"pgc-224-1-0\"  class=\"panel-grid-cell panel-grid-cell-empty\" ><\/div><div id=\"pgc-224-1-1\"  class=\"panel-grid-cell panel-grid-cell-mobile-last\" ><div id=\"panel-224-1-1-0\" class=\"so-panel widget widget_sow-editor panel-first-child panel-last-child\" data-index=\"1\" ><div\n\t\t\t\n\t\t\tclass=\"so-widget-sow-editor so-widget-sow-editor-base\"\n\t\t\t\n\t\t>\n<div class=\"siteorigin-widget-tinymce textwidget\">\n\t<blockquote>\n<p class=\"p1\"><span class=\"s1\">Desde Calefacci\u00f3n Meilan ofrecemos las mejores soluciones para <strong>climatizar<\/strong> tu vivienda o local comercial. <\/span><\/p>\n<\/blockquote>\n<p class=\"p1\"><span class=\"s1\">Disponemos de <b>personal especializado<\/b> que le puede asesorar de primera mano sobre el equipo a instalar. Trabajamos con las <b>mejores marcas y materiales<\/b>, siempre ofreciendo la mejor <b>relaci\u00f3n calidad-precio<\/b>. Pide presupuesto sin compromiso.<\/span><\/p>\n<p class=\"p3\"><span class=\"s1\">La climatizaci\u00f3n consiste en crear unas condiciones de temperatura, humedad y limpieza del aire adecuadas para la comodidad dentro de los espacios habitados.<\/span><\/p>\n<p class=\"p3\"><span class=\"s1\">La normativa espa\u00f1ola define climatizaci\u00f3n como: dar a un espacio cerrado las condiciones de temperatura, humedad relativa, calidad del aire y, a veces, tambi\u00e9n de presi\u00f3n, necesarias para el bienestar de las personas y\/o la conservaci\u00f3n de las cosas.<\/span><\/p>\n<p class=\"p3\"><span class=\"s1\">Puede apreciarse que se ha abandonado cualquier referencia al aire acondicionado, por ser una expresi\u00f3n que, aunque correcta, puede prestarse a equ\u00edvoco, ya que la mayor\u00eda de la gente parece entender que se refiere exclusivamente a la refrigeraci\u00f3n (climatizaci\u00f3n de verano), aunque ser\u00eda m\u00e1s l\u00f3gico se refiriese al acondicionamiento del aire en todas las \u00e9pocas, verano e invierno.<\/span><\/p>\n<p class=\"p3\"><span class=\"s1\">As\u00ed pues, la climatizaci\u00f3n comprende tres factores fundamentales: la ventilaci\u00f3n, la calefacci\u00f3n, o climatizaci\u00f3n de invierno, y la refrigeraci\u00f3n o climatizaci\u00f3n de verano.<\/span><\/p>\n<\/div>\n<\/div><\/div><\/div><div id=\"pgc-224-1-2\"  class=\"panel-grid-cell panel-grid-cell-empty\" ><\/div><\/div><\/div>","protected":false},"excerpt":{"rendered":"<p>Desde Calefacci\u00f3n Meilan ofrecemos las mejores soluciones para climatizar tu vivienda o local comercial. Disponemos de personal especializado que le puede asesorar de primera mano sobre el equipo a instalar. Trabajamos con las mejores marcas y materiales, siempre ofreciendo la mejor relaci\u00f3n calidad-precio. Pide presupuesto sin compromiso. La climatizaci\u00f3n consiste en crear unas condiciones de temperatura, humedad y limpieza del aire adecuadas para la comodidad&hellip; <\/p>\n","protected":false},"author":1,"featured_media":0,"parent":0,"menu_order":0,"comment_status":"closed","ping_status":"closed","template":"","meta":{"footnotes":""},"class_list":["post-224","page","type-page","status-publish","hentry","clearfix"],"_links":{"self":[{"href":"https:\/\/calefaccionmeilan.es\/index.php\/wp-json\/wp\/v2\/pages\/224","targetHints":{"allow":["GET"]}}],"collection":[{"href":"https:\/\/calefaccionmeilan.es\/index.php\/wp-json\/wp\/v2\/pages"}],"about":[{"href":"https:\/\/calefaccionmeilan.es\/index.php\/wp-json\/wp\/v2\/types\/page"}],"author":[{"embeddable":true,"href":"https:\/\/calefaccionmeilan.es\/index.php\/wp-json\/wp\/v2\/users\/1"}],"replies":[{"embeddable":true,"href":"https:\/\/calefaccionmeilan.es\/index.php\/wp-json\/wp\/v2\/comments?post=224"}],"version-history":[{"count":19,"href":"https:\/\/calefaccionmeilan.es\/index.php\/wp-json\/wp\/v2\/pages\/224\/revisions"}],"predecessor-version":[{"id":1244,"href":"https:\/\/calefaccionmeilan.es\/index.php\/wp-json\/wp\/v2\/pages\/224\/revisions\/1244"}],"wp:attachment":[{"href":"https:\/\/calefaccionmeilan.es\/index.php\/wp-json\/wp\/v2\/media?parent=224"}],"curies":[{"name":"wp","href":"https:\/\/api.w.org\/{rel}","templated":true}]}}