{"id":315,"date":"2016-09-20T15:42:55","date_gmt":"2016-09-20T15:42:55","guid":{"rendered":"http:\/\/calefaccion.avicavica.com\/\/?page_id=2"},"modified":"2025-06-05T23:14:36","modified_gmt":"2025-06-05T21:14:36","slug":"nosotros","status":"publish","type":"page","link":"https:\/\/calefaccionmeilan.es\/index.php\/nosotros\/","title":{"rendered":"M\u00e1s de 35 a\u00f1os de EXPERIENCIA nos respaldan\u2026"},"content":{"rendered":"<div id=\"pl-315\"  class=\"panel-layout\" ><div id=\"pg-315-0\"  class=\"panel-grid panel-has-style\" ><div class=\"panel-row-style panel-row-style-for-315-0\" ><div id=\"pgc-315-0-0\"  class=\"panel-grid-cell\" ><div id=\"panel-315-0-0-0\" class=\"so-panel widget widget_sow-editor panel-first-child panel-last-child\" data-index=\"0\" ><div class=\"panel-widget-style panel-widget-style-for-315-0-0-0\" ><div\n\t\t\t\n\t\t\tclass=\"so-widget-sow-editor so-widget-sow-editor-base\"\n\t\t\t\n\t\t>\n<div class=\"siteorigin-widget-tinymce textwidget\">\n\t<p>&nbsp;<br \/>\n&nbsp;<\/p>\n<\/div>\n<\/div><\/div><\/div><\/div><\/div><\/div><div id=\"pg-315-1\"  class=\"panel-grid panel-has-style\" ><div class=\"panel-row-style panel-row-style-for-315-1\" ><div id=\"pgc-315-1-0\"  class=\"panel-grid-cell\" ><div id=\"panel-315-1-0-0\" class=\"so-panel widget widget_sow-image panel-first-child\" data-index=\"1\" ><div class=\"panel-widget-style panel-widget-style-for-315-1-0-0\" ><div\n\t\t\t\n\t\t\tclass=\"so-widget-sow-image so-widget-sow-image-default-8b5b6f678277-315\"\n\t\t\t\n\t\t>\n<div class=\"sow-image-container\">\n\t\t<img \n\tsrc=\"https:\/\/calefaccionmeilan.es\/wp-content\/uploads\/2018\/02\/JMM.jpg\" width=\"1280\" height=\"800\" srcset=\"https:\/\/calefaccionmeilan.es\/wp-content\/uploads\/2018\/02\/JMM.jpg 1280w, https:\/\/calefaccionmeilan.es\/wp-content\/uploads\/2018\/02\/JMM-300x188.jpg 300w, https:\/\/calefaccionmeilan.es\/wp-content\/uploads\/2018\/02\/JMM-768x480.jpg 768w, https:\/\/calefaccionmeilan.es\/wp-content\/uploads\/2018\/02\/JMM-1024x640.jpg 1024w\" sizes=\"(max-width: 1280px) 100vw, 1280px\" alt=\"\" \t\tclass=\"so-widget-image\"\/>\n\t<\/div>\n\n<\/div><\/div><\/div><div id=\"panel-315-1-0-1\" class=\"so-panel widget widget_sow-image panel-last-child\" data-index=\"2\" ><div\n\t\t\t\n\t\t\tclass=\"so-widget-sow-image so-widget-sow-image-default-8b5b6f678277-315\"\n\t\t\t\n\t\t>\n<div class=\"sow-image-container\">\n\t\t<img \n\tsrc=\"https:\/\/calefaccionmeilan.es\/wp-content\/uploads\/2018\/02\/SM.jpg\" width=\"1280\" height=\"800\" srcset=\"https:\/\/calefaccionmeilan.es\/wp-content\/uploads\/2018\/02\/SM.jpg 1280w, https:\/\/calefaccionmeilan.es\/wp-content\/uploads\/2018\/02\/SM-300x188.jpg 300w, https:\/\/calefaccionmeilan.es\/wp-content\/uploads\/2018\/02\/SM-768x480.jpg 768w, https:\/\/calefaccionmeilan.es\/wp-content\/uploads\/2018\/02\/SM-1024x640.jpg 1024w\" sizes=\"(max-width: 1280px) 100vw, 1280px\" alt=\"\" \t\tclass=\"so-widget-image\"\/>\n\t<\/div>\n\n<\/div><\/div><\/div><div id=\"pgc-315-1-1\"  class=\"panel-grid-cell panel-grid-cell-empty\" ><\/div><div id=\"pgc-315-1-2\"  class=\"panel-grid-cell\" ><div id=\"panel-315-1-2-0\" class=\"so-panel widget widget_sow-editor panel-first-child\" data-index=\"3\" ><div class=\"panel-widget-style panel-widget-style-for-315-1-2-0\" ><div\n\t\t\t\n\t\t\tclass=\"so-widget-sow-editor so-widget-sow-editor-base\"\n\t\t\t\n\t\t>\n<div class=\"siteorigin-widget-tinymce textwidget\">\n\t<\/div>\n<\/div><\/div><\/div><div id=\"panel-315-1-2-1\" class=\"so-panel widget widget_sow-editor\" data-index=\"4\" ><div class=\"panel-widget-style panel-widget-style-for-315-1-2-1\" ><div\n\t\t\t\n\t\t\tclass=\"so-widget-sow-editor so-widget-sow-editor-base\"\n\t\t\t\n\t\t>\n<div class=\"siteorigin-widget-tinymce textwidget\">\n\t<p>Calefacci\u00f3n Meil\u00e1n comienza su actividad en el a\u00f1o 1.978,\u00a0con la visi\u00f3n de ofrecer un buen producto a nuestros clientes acompa\u00f1ado siempre, de un excelente servicio y atenci\u00f3n postventa.<\/p>\n<\/div>\n<\/div><\/div><\/div><div id=\"panel-315-1-2-2\" class=\"so-panel widget widget_sow-editor\" data-index=\"5\" ><div class=\"panel-widget-style panel-widget-style-for-315-1-2-2\" ><div\n\t\t\t\n\t\t\tclass=\"so-widget-sow-editor so-widget-sow-editor-base\"\n\t\t\t\n\t\t>\n<div class=\"siteorigin-widget-tinymce textwidget\">\n\t<blockquote><p>Contamos en plantilla con los profesionales mejor cualificados para realizar instalaciones, mantenimiento y reparaciones tanto en sistemas de calefacci\u00f3n como de fontaner\u00eda, gas y energ\u00edas renovables, tanto a nivel dom\u00e9stico como industrial.<\/p><\/blockquote>\n<\/div>\n<\/div><\/div><\/div><div id=\"panel-315-1-2-3\" class=\"so-panel widget widget_sow-editor\" data-index=\"6\" ><div class=\"panel-widget-style panel-widget-style-for-315-1-2-3\" ><div\n\t\t\t\n\t\t\tclass=\"so-widget-sow-editor so-widget-sow-editor-base\"\n\t\t\t\n\t\t>\n<div class=\"siteorigin-widget-tinymce textwidget\">\n\t<p>Para cubrir cualquier imprevisto derivado de la ejecuci\u00f3n de cualquier trabajo realizado, la empresa cuenta con un seguro de responsabilidad civil por valor de 601.012 \u20ac.<\/p>\n<\/div>\n<\/div><\/div><\/div><div id=\"panel-315-1-2-4\" class=\"so-panel widget widget_sow-editor\" data-index=\"7\" ><div class=\"panel-widget-style panel-widget-style-for-315-1-2-4\" ><div\n\t\t\t\n\t\t\tclass=\"so-widget-sow-editor so-widget-sow-editor-base\"\n\t\t\t\n\t\t>\n<div class=\"siteorigin-widget-tinymce textwidget\">\n\t<blockquote><p>El compromiso de Calefacci\u00f3n Meil\u00e1n con nuestros clientes es ofrecerles siempre el mejor servicio y atenci\u00f3n personalizada tratando cada instalaci\u00f3n de manera \u00fanica y ajust\u00e1ndonos siempre al presupuesto y requerimientos del cliente.<\/p><\/blockquote>\n<\/div>\n<\/div><\/div><\/div><div id=\"panel-315-1-2-5\" class=\"so-panel widget widget_sow-editor panel-last-child\" data-index=\"8\" ><div class=\"panel-widget-style panel-widget-style-for-315-1-2-5\" ><div\n\t\t\t\n\t\t\tclass=\"so-widget-sow-editor so-widget-sow-editor-base\"\n\t\t\t\n\t\t>\n<div class=\"siteorigin-widget-tinymce textwidget\">\n\t<p>Adem\u00e1s disponemos de un punto de venta al por menor en la localidad de Betanzos (A Coru\u00f1a): <strong>Ferreter\u00eda J. Miramontes<\/strong>. Ac\u00e9rquese a conocernos y p\u00eddanos presupuesto sin compromiso.<\/p>\n<\/div>\n<\/div><\/div><\/div><\/div><\/div><\/div><\/div>","protected":false},"excerpt":{"rendered":"<p>&nbsp; &nbsp; Calefacci\u00f3n Meil\u00e1n comienza su actividad en el a\u00f1o 1.978,\u00a0con la visi\u00f3n de ofrecer un buen producto a nuestros clientes acompa\u00f1ado siempre, de un excelente servicio y atenci\u00f3n postventa. Contamos en plantilla con los profesionales mejor cualificados para realizar instalaciones, mantenimiento y reparaciones tanto en sistemas de calefacci\u00f3n como de fontaner\u00eda, gas y energ\u00edas renovables, tanto a nivel dom\u00e9stico como industrial. Para cubrir cualquier&hellip; <\/p>\n","protected":false},"author":1,"featured_media":39,"parent":0,"menu_order":0,"comment_status":"closed","ping_status":"closed","template":"","meta":{"footnotes":""},"class_list":["post-315","page","type-page","status-publish","has-post-thumbnail","hentry","clearfix"],"_links":{"self":[{"href":"https:\/\/calefaccionmeilan.es\/index.php\/wp-json\/wp\/v2\/pages\/315","targetHints":{"allow":["GET"]}}],"collection":[{"href":"https:\/\/calefaccionmeilan.es\/index.php\/wp-json\/wp\/v2\/pages"}],"about":[{"href":"https:\/\/calefaccionmeilan.es\/index.php\/wp-json\/wp\/v2\/types\/page"}],"author":[{"embeddable":true,"href":"https:\/\/calefaccionmeilan.es\/index.php\/wp-json\/wp\/v2\/users\/1"}],"replies":[{"embeddable":true,"href":"https:\/\/calefaccionmeilan.es\/index.php\/wp-json\/wp\/v2\/comments?post=315"}],"version-history":[{"count":11,"href":"https:\/\/calefaccionmeilan.es\/index.php\/wp-json\/wp\/v2\/pages\/315\/revisions"}],"predecessor-version":[{"id":1377,"href":"https:\/\/calefaccionmeilan.es\/index.php\/wp-json\/wp\/v2\/pages\/315\/revisions\/1377"}],"wp:featuredmedia":[{"embeddable":true,"href":"https:\/\/calefaccionmeilan.es\/index.php\/wp-json\/wp\/v2\/media\/39"}],"wp:attachment":[{"href":"https:\/\/calefaccionmeilan.es\/index.php\/wp-json\/wp\/v2\/media?parent=315"}],"curies":[{"name":"wp","href":"https:\/\/api.w.org\/{rel}","templated":true}]}}