{"id":317,"date":"2017-04-21T22:37:58","date_gmt":"2017-04-21T22:37:58","guid":{"rendered":"http:\/\/calefaccion.avicavica.com\/?page_id=16"},"modified":"2024-07-28T09:37:28","modified_gmt":"2024-07-28T07:37:28","slug":"fontaneria","status":"publish","type":"page","link":"https:\/\/calefaccionmeilan.es\/index.php\/fontaneria\/","title":{"rendered":"FONTANER\u00cdA"},"content":{"rendered":"<div id=\"pl-317\"  class=\"panel-layout\" ><div id=\"pg-317-0\"  class=\"panel-grid panel-no-style\" ><div id=\"pgc-317-0-0\"  class=\"panel-grid-cell\" ><div id=\"panel-317-0-0-0\" class=\"so-panel widget widget_sow-hero panel-first-child panel-last-child\" data-index=\"0\" ><div\n\t\t\t\n\t\t\tclass=\"so-widget-sow-hero so-widget-sow-hero-default-6e283e92799f-317 so-widget-fittext-wrapper\"\n\t\t\t data-fit-text-compressor=\"0.85\"\n\t\t>\t\t\t\t<div class=\"sow-slider-base\" style=\"display: none\" tabindex=\"0\">\n\t\t\t\t\t<ul\n\t\t\t\t\tclass=\"sow-slider-images\"\n\t\t\t\t\tdata-settings=\"{&quot;pagination&quot;:true,&quot;speed&quot;:800,&quot;timeout&quot;:8000,&quot;paused&quot;:false,&quot;pause_on_hover&quot;:false,&quot;swipe&quot;:true,&quot;nav_always_show_desktop&quot;:&quot;&quot;,&quot;nav_always_show_mobile&quot;:&quot;&quot;,&quot;breakpoint&quot;:&quot;780px&quot;,&quot;unmute&quot;:false,&quot;anchor&quot;:null}\"\n\t\t\t\t\t\t\t\t\t\tdata-anchor-id=\"\"\n\t\t\t\t>\t\t<li class=\"sow-slider-image  sow-slider-image-cover\" style=\"visibility: visible;;background-color: #333333;background-image: url(https:\/\/calefaccionmeilan.es\/wp-content\/uploads\/2017\/04\/fontaneria.jpg)\" >\n\t\t\t\t\t<div class=\"sow-slider-image-container\">\n\t\t\t<div class=\"sow-slider-image-wrapper\">\n\t\t\t\t<h2 style=\"text-align: center\"><strong>FONTANER\u00cdA<\/strong><\/h2>\t\t\t<\/div>\n\t\t<\/div>\n\t\t\t\t<\/li>\n\t\t<\/ul>\t\t\t\t<ol class=\"sow-slider-pagination\">\n\t\t\t\t\t\t\t\t\t\t\t<li><a href=\"#\" data-goto=\"0\" aria-label=\"mostrar diapositiva 1\"><\/a><\/li>\n\t\t\t\t\t\t\t\t\t<\/ol>\n\n\t\t\t\t<div class=\"sow-slide-nav sow-slide-nav-next\">\n\t\t\t\t\t<a href=\"#\" data-goto=\"next\" aria-label=\"diapositiva siguiente\" data-action=\"next\">\n\t\t\t\t\t\t<em class=\"sow-sld-icon-thin-right\"><\/em>\n\t\t\t\t\t<\/a>\n\t\t\t\t<\/div>\n\n\t\t\t\t<div class=\"sow-slide-nav sow-slide-nav-prev\">\n\t\t\t\t\t<a href=\"#\" data-goto=\"previous\" aria-label=\"diapositiva anterior\" data-action=\"prev\">\n\t\t\t\t\t\t<em class=\"sow-sld-icon-thin-left\"><\/em>\n\t\t\t\t\t<\/a>\n\t\t\t\t<\/div>\n\t\t\t\t<\/div><\/div><\/div><\/div><\/div><div id=\"pg-317-1\"  class=\"panel-grid panel-no-style\" ><div id=\"pgc-317-1-0\"  class=\"panel-grid-cell panel-grid-cell-empty\" ><\/div><div id=\"pgc-317-1-1\"  class=\"panel-grid-cell panel-grid-cell-mobile-last\" ><div id=\"panel-317-1-1-0\" class=\"so-panel widget widget_sow-editor panel-first-child\" data-index=\"1\" ><div\n\t\t\t\n\t\t\tclass=\"so-widget-sow-editor so-widget-sow-editor-base\"\n\t\t\t\n\t\t>\n<div class=\"siteorigin-widget-tinymce textwidget\">\n\t<p class=\"p1\"><span class=\"s1\">Instalamos y reparamos cualquier red de agua, recogida de aguas pluviales y aguas residuales, Trabajamos con diversos materiales: cobre, acero, inox, multicapa, PPR, polibutileno, polietileno \u2026 Instalaciones a la vista o enterradas. Personal especializado en soldadura de distintos tipos.<\/span><\/p>\n<ul class=\"ul1\">\n<li class=\"li2\"><span class=\"s1\"> Fontaner\u00eda en general. Circuitos hidr\u00e1ulicos y saneamiento.<\/span><\/li>\n<li class=\"li2\"><span class=\"s1\"> Instalaci\u00f3n de grifer\u00eda, loza, platos ducha ...<\/span><\/li>\n<li class=\"li2\"><span class=\"s1\"> Desatascos.<\/span><\/li>\n<li class=\"li2\"><span class=\"s1\"> Pozos.<\/span><\/li>\n<li class=\"li2\"><span class=\"s1\"> Instalaci\u00f3n, reparaci\u00f3n de bombas de todo tipo (pozo, aguas sucias ...) y grupos de presi\u00f3n.<\/span><\/li>\n<li class=\"li2\"><span class=\"s1\"> Dise\u00f1o e instalaci\u00f3n de riegos por aspersi\u00f3n y microirrigaci\u00f3n.<\/span><\/li>\n<li class=\"li2\"><span class=\"s1\"> Instalaci\u00f3n de piscinas y sus accesorios.<\/span><\/li>\n<li class=\"li2\"><span class=\"s1\"> Mantenimiento y reparaci\u00f3n de calentadores de acs y termos el\u00e9ctricos.<\/span><\/li>\n<li class=\"li2\"><span class=\"s1\"> Mantenimiento y reparaci\u00f3n de calderas de todo tipo.<\/span><\/li>\n<li class=\"li2\"><span class=\"s1\"> Tra\u00eddas de agua.<\/span><\/li>\n<li class=\"li2\"><span class=\"s1\"> Filtraci\u00f3n de agua.<\/span><\/li>\n<\/ul>\n<\/div>\n<\/div><\/div><div id=\"panel-317-1-1-1\" class=\"so-panel widget widget_sow-image panel-last-child\" data-index=\"2\" ><div\n\t\t\t\n\t\t\tclass=\"so-widget-sow-image so-widget-sow-image-default-8b5b6f678277-317\"\n\t\t\t\n\t\t>\n<div class=\"sow-image-container\">\n\t\t<img \n\tsrc=\"https:\/\/calefaccionmeilan.es\/wp-content\/uploads\/2017\/04\/maxresdefault.jpg\" width=\"1599\" height=\"1200\" srcset=\"https:\/\/calefaccionmeilan.es\/wp-content\/uploads\/2017\/04\/maxresdefault.jpg 1599w, https:\/\/calefaccionmeilan.es\/wp-content\/uploads\/2017\/04\/maxresdefault-300x225.jpg 300w, https:\/\/calefaccionmeilan.es\/wp-content\/uploads\/2017\/04\/maxresdefault-768x576.jpg 768w, https:\/\/calefaccionmeilan.es\/wp-content\/uploads\/2017\/04\/maxresdefault-1024x768.jpg 1024w\" sizes=\"(max-width: 1599px) 100vw, 1599px\" title=\"fontaner\u00eda\" alt=\"\" \t\tclass=\"so-widget-image\"\/>\n\t<\/div>\n\n<\/div><\/div><\/div><div id=\"pgc-317-1-2\"  class=\"panel-grid-cell panel-grid-cell-empty\" ><\/div><\/div><\/div>","protected":false},"excerpt":{"rendered":"<p>Instalamos y reparamos cualquier red de agua, recogida de aguas pluviales y aguas residuales, Trabajamos con diversos materiales: cobre, acero, inox, multicapa, PPR, polibutileno, polietileno \u2026 Instalaciones a la vista o enterradas. Personal especializado en soldadura de distintos tipos. Fontaner\u00eda en general. Circuitos hidr\u00e1ulicos y saneamiento. Instalaci\u00f3n de grifer\u00eda, loza, platos ducha &#8230; Desatascos. Pozos. Instalaci\u00f3n, reparaci\u00f3n de bombas de todo tipo (pozo, aguas sucias&hellip; <\/p>\n","protected":false},"author":1,"featured_media":30,"parent":0,"menu_order":0,"comment_status":"closed","ping_status":"closed","template":"","meta":{"footnotes":""},"class_list":["post-317","page","type-page","status-publish","has-post-thumbnail","hentry","clearfix"],"_links":{"self":[{"href":"https:\/\/calefaccionmeilan.es\/index.php\/wp-json\/wp\/v2\/pages\/317","targetHints":{"allow":["GET"]}}],"collection":[{"href":"https:\/\/calefaccionmeilan.es\/index.php\/wp-json\/wp\/v2\/pages"}],"about":[{"href":"https:\/\/calefaccionmeilan.es\/index.php\/wp-json\/wp\/v2\/types\/page"}],"author":[{"embeddable":true,"href":"https:\/\/calefaccionmeilan.es\/index.php\/wp-json\/wp\/v2\/users\/1"}],"replies":[{"embeddable":true,"href":"https:\/\/calefaccionmeilan.es\/index.php\/wp-json\/wp\/v2\/comments?post=317"}],"version-history":[{"count":12,"href":"https:\/\/calefaccionmeilan.es\/index.php\/wp-json\/wp\/v2\/pages\/317\/revisions"}],"predecessor-version":[{"id":1252,"href":"https:\/\/calefaccionmeilan.es\/index.php\/wp-json\/wp\/v2\/pages\/317\/revisions\/1252"}],"wp:featuredmedia":[{"embeddable":true,"href":"https:\/\/calefaccionmeilan.es\/index.php\/wp-json\/wp\/v2\/media\/30"}],"wp:attachment":[{"href":"https:\/\/calefaccionmeilan.es\/index.php\/wp-json\/wp\/v2\/media?parent=317"}],"curies":[{"name":"wp","href":"https:\/\/api.w.org\/{rel}","templated":true}]}}