{"id":36,"date":"2017-04-22T21:54:29","date_gmt":"2017-04-22T21:54:29","guid":{"rendered":"http:\/\/calefaccion.avicavica.com\/?page_id=36"},"modified":"2025-06-05T23:15:57","modified_gmt":"2025-06-05T21:15:57","slug":"ferreteria","status":"publish","type":"page","link":"https:\/\/calefaccionmeilan.es\/index.php\/ferreteria\/","title":{"rendered":"FERRETER\u00cdA"},"content":{"rendered":"<div id=\"pl-36\"  class=\"panel-layout\" ><div id=\"pg-36-0\"  class=\"panel-grid panel-no-style\" ><div id=\"pgc-36-0-0\"  class=\"panel-grid-cell\" ><div id=\"panel-36-0-0-0\" class=\"so-panel widget widget_sow-hero panel-first-child panel-last-child\" data-index=\"0\" ><div\n\t\t\t\n\t\t\tclass=\"so-widget-sow-hero so-widget-sow-hero-default-6e283e92799f-36 so-widget-fittext-wrapper\"\n\t\t\t data-fit-text-compressor=\"0.85\"\n\t\t>\t\t\t\t<div class=\"sow-slider-base\" style=\"display: none\" tabindex=\"0\">\n\t\t\t\t\t<ul\n\t\t\t\t\tclass=\"sow-slider-images\"\n\t\t\t\t\tdata-settings=\"{&quot;pagination&quot;:true,&quot;speed&quot;:800,&quot;timeout&quot;:8000,&quot;paused&quot;:false,&quot;pause_on_hover&quot;:false,&quot;swipe&quot;:true,&quot;nav_always_show_desktop&quot;:&quot;&quot;,&quot;nav_always_show_mobile&quot;:&quot;&quot;,&quot;breakpoint&quot;:&quot;780px&quot;,&quot;unmute&quot;:false,&quot;anchor&quot;:null}\"\n\t\t\t\t\t\t\t\t\t\tdata-anchor-id=\"\"\n\t\t\t\t>\t\t<li class=\"sow-slider-image  sow-slider-image-cover\" style=\"visibility: visible;;background-color: #333333;background-image: url(https:\/\/calefaccionmeilan.es\/wp-content\/uploads\/2016\/09\/tornillos.jpg)\" >\n\t\t\t\t\t<div class=\"sow-slider-image-container\">\n\t\t\t<div class=\"sow-slider-image-wrapper\">\n\t\t\t\t\t\t\t<\/div>\n\t\t<\/div>\n\t\t\t\t<\/li>\n\t\t<\/ul>\t\t\t\t<ol class=\"sow-slider-pagination\">\n\t\t\t\t\t\t\t\t\t\t\t<li><a href=\"#\" data-goto=\"0\" aria-label=\"mostrar diapositiva 1\"><\/a><\/li>\n\t\t\t\t\t\t\t\t\t<\/ol>\n\n\t\t\t\t<div class=\"sow-slide-nav sow-slide-nav-next\">\n\t\t\t\t\t<a href=\"#\" data-goto=\"next\" aria-label=\"diapositiva siguiente\" data-action=\"next\">\n\t\t\t\t\t\t<em class=\"sow-sld-icon-thin-right\"><\/em>\n\t\t\t\t\t<\/a>\n\t\t\t\t<\/div>\n\n\t\t\t\t<div class=\"sow-slide-nav sow-slide-nav-prev\">\n\t\t\t\t\t<a href=\"#\" data-goto=\"previous\" aria-label=\"diapositiva anterior\" data-action=\"prev\">\n\t\t\t\t\t\t<em class=\"sow-sld-icon-thin-left\"><\/em>\n\t\t\t\t\t<\/a>\n\t\t\t\t<\/div>\n\t\t\t\t<\/div><\/div><\/div><\/div><\/div><div id=\"pg-36-1\"  class=\"panel-grid panel-no-style\" ><div id=\"pgc-36-1-0\"  class=\"panel-grid-cell panel-grid-cell-empty\" ><\/div><div id=\"pgc-36-1-1\"  class=\"panel-grid-cell panel-grid-cell-mobile-last\" ><div id=\"panel-36-1-1-0\" class=\"so-panel widget widget_sow-editor panel-first-child\" data-index=\"1\" ><div\n\t\t\t\n\t\t\tclass=\"so-widget-sow-editor so-widget-sow-editor-base\"\n\t\t\t\n\t\t>\n<div class=\"siteorigin-widget-tinymce textwidget\">\n\t<p>Tenemos para ti una alta gama de productos para el bricolaje, la construcci\u00f3n y las necesidades del hogar:<\/p>\n<ul>\n<li>Herramienta Manual.<\/li>\n<li>Herramienta El\u00e9ctrica.<\/li>\n<li>Escaleras.<\/li>\n<li>Torniller\u00eda.<\/li>\n<li>Complementos y accesorios para el ba\u00f1o.<\/li>\n<li>Grifer\u00edas.<\/li>\n<li>Materiales de fontaner\u00eda y calefacci\u00f3n.<\/li>\n<li>Menaje.<\/li>\n<\/ul>\n<p>Contamos con un punto de venta en <a href=\"https:\/\/calefaccionmeilan.es\/index.php\/contact-us\/\" target=\"_blank\" rel=\"noopener\">Betanzos<\/a>, vis\u00edtanos y encuentra lo que buscas.<\/p>\n<\/div>\n<\/div><\/div><div id=\"panel-36-1-1-1\" class=\"so-panel widget widget_sow-image panel-last-child\" data-index=\"2\" ><div\n\t\t\t\n\t\t\tclass=\"so-widget-sow-image so-widget-sow-image-default-8b5b6f678277-36\"\n\t\t\t\n\t\t>\n<div class=\"sow-image-container\">\n\t\t<img \n\tsrc=\"https:\/\/calefaccionmeilan.es\/wp-content\/uploads\/2018\/03\/IMG_3270.jpg\" width=\"5472\" height=\"3648\" srcset=\"https:\/\/calefaccionmeilan.es\/wp-content\/uploads\/2018\/03\/IMG_3270.jpg 5472w, https:\/\/calefaccionmeilan.es\/wp-content\/uploads\/2018\/03\/IMG_3270-300x200.jpg 300w, https:\/\/calefaccionmeilan.es\/wp-content\/uploads\/2018\/03\/IMG_3270-768x512.jpg 768w, https:\/\/calefaccionmeilan.es\/wp-content\/uploads\/2018\/03\/IMG_3270-1024x683.jpg 1024w, https:\/\/calefaccionmeilan.es\/wp-content\/uploads\/2018\/03\/IMG_3270-600x400.jpg 600w, https:\/\/calefaccionmeilan.es\/wp-content\/uploads\/2018\/03\/IMG_3270-272x182.jpg 272w\" sizes=\"(max-width: 5472px) 100vw, 5472px\" alt=\"\" \t\tclass=\"so-widget-image\"\/>\n\t<\/div>\n\n<\/div><\/div><\/div><div id=\"pgc-36-1-2\"  class=\"panel-grid-cell panel-grid-cell-empty\" ><\/div><\/div><\/div>","protected":false},"excerpt":{"rendered":"<p>Tenemos para ti una alta gama de productos para el bricolaje, la construcci\u00f3n y las necesidades del hogar: Herramienta Manual. Herramienta El\u00e9ctrica. Escaleras. Torniller\u00eda. Complementos y accesorios para el ba\u00f1o. Grifer\u00edas. Materiales de fontaner\u00eda y calefacci\u00f3n. Menaje. Contamos con un punto de venta en Betanzos, vis\u00edtanos y encuentra lo que buscas.<\/p>\n","protected":false},"author":1,"featured_media":31,"parent":0,"menu_order":0,"comment_status":"closed","ping_status":"closed","template":"","meta":{"footnotes":""},"class_list":["post-36","page","type-page","status-publish","has-post-thumbnail","hentry","clearfix"],"_links":{"self":[{"href":"https:\/\/calefaccionmeilan.es\/index.php\/wp-json\/wp\/v2\/pages\/36","targetHints":{"allow":["GET"]}}],"collection":[{"href":"https:\/\/calefaccionmeilan.es\/index.php\/wp-json\/wp\/v2\/pages"}],"about":[{"href":"https:\/\/calefaccionmeilan.es\/index.php\/wp-json\/wp\/v2\/types\/page"}],"author":[{"embeddable":true,"href":"https:\/\/calefaccionmeilan.es\/index.php\/wp-json\/wp\/v2\/users\/1"}],"replies":[{"embeddable":true,"href":"https:\/\/calefaccionmeilan.es\/index.php\/wp-json\/wp\/v2\/comments?post=36"}],"version-history":[{"count":8,"href":"https:\/\/calefaccionmeilan.es\/index.php\/wp-json\/wp\/v2\/pages\/36\/revisions"}],"predecessor-version":[{"id":1378,"href":"https:\/\/calefaccionmeilan.es\/index.php\/wp-json\/wp\/v2\/pages\/36\/revisions\/1378"}],"wp:featuredmedia":[{"embeddable":true,"href":"https:\/\/calefaccionmeilan.es\/index.php\/wp-json\/wp\/v2\/media\/31"}],"wp:attachment":[{"href":"https:\/\/calefaccionmeilan.es\/index.php\/wp-json\/wp\/v2\/media?parent=36"}],"curies":[{"name":"wp","href":"https:\/\/api.w.org\/{rel}","templated":true}]}}